
-20
Let b be ((-12)/3 - -5)*0. Let f(n) be the third derivative of n**6/120 + n**5/60 + n**3/6 + 4*n**2. Calculate f(b).
1
Let s = -103 + 96. Let t(o) = o**2 + 7*o - 1. Calculate t(s).
-1
Let p(q) = -2*q**3 + 2*q**2 - q + 1. Suppose -4*x - 11 = -a + 3, 2*a = -4*x - 20. Let s be a/(-3) - 12/27*-3. Calculate p(s).
-9
Let h(q) = -5*q**2 + q - 1. Let y = -57 + 147. Suppose 4*p + y = -p. Let i = -17 - p. Calculate h(i).
-5
Let b(w) = w**2 + 6*w - 12. Let i be b(-7). Let o(s) = -s**2 - 2*s - 3*s + 2 + 0. What is o(i)?
2
Let c(f) be the first derivative of -23 + 0*f - 5/3*f**3 - 1/2*f**2. Calculate c(1).
-6
Let a(w) be the third derivative of -w**6/120 - 2*w**5/15 - w**3 + 202*w**2. Give a(-7).
-55
Let y be (-20)/160*-2*28. Let a(d) = -2*d + 7. Calculate a(y).
-7
Let b(z) = -46*z**2 - 5 + 47*z**2 + 53*z - 57*z. Calculate b(7).
16
Let n(x) = -1 + 0*x + 3*x**3 + 2*x**2 - 2*x**3 + 2*x. Suppose 4*f + 3*j = 23 - 3, f + 5*j - 5 = 0. Suppose 5*t + c = -11, -3*t + f*c + 1 = -t. Calculate n(t).
-5
Let z(r) = 5*r**3 + 2*r**2 - 3*r - 3. Suppose -32 - 17 = 7*i. Let d(k) = 9*k**3 + 3*k**2 - 6*k - 6. Let n(h) = i*z(h) + 4*d(h). Give n(4).
17
Let l(z) be the second derivative of -z**5/20 + 5*z**4/12 - z**3/3 - z**2/2 + 4*z. Let f(c) = -c**3 + 6*c**2 + 12*c - 31. Let u be f(7). What is l(u)?
7
Let v(g) = -9*g + 5. Let r(m) = 3*m - 3. Let p(t) = 4*r(t) + 3*v(t). Give p(1).
-12
Let s(u) = 68*u - 4*u**2 + 6 - 134*u - u**3 + 68*u. What is s(-5)?
21
Let o(v) = 14*v**3 + v**2 - 6*v - 1. Let d(m) = 15*m**3 + m**2 - 7*m - 1. Let w(s) = -5*d(s) + 6*o(s). Suppose -c - 4*c = 5. Determine w(c).
-8
Let l(r) = -4*r. Suppose 4*i - n = -10 + 1, i + n = -6. Let a(w) = -5*w + 11 - 16 + 4 + 14*w. Let g(u) = i*a(u) - 7*l(u). Determine g(6).
9
Let y(k) be the second derivative of k**5/120 + k**4/6 + k**3/2 + 11*k. Let m(u) be the second derivative of y(u). What is m(4)?
8
Let w(t) = -3*t - 4. Suppose 150 = -2*h + 8*h. Let y(r) = -r**2 - 6*r + 3. Let c be y(-6). Suppose c*b - b = -5*i - h, 5*b + i = -28. Determine w(b).
11
Let k(g) = 2617 - 7*g - g**2 + 5*g - 2612. Calculate k(0).
5
Let v(p) = -4*p**2 - 4*p + 3*p**2 - 5 + 3*p - 2*p. Calculate v(-4).
-9
Let d be (-1)/((-18)/4 - -4). Suppose -4*l - 3 = -5*w - 13, -d*w + 3*l = 4. Let x(a) = 2*a**2 - a - 2. Determine x(w).
8
Let m(a) = a**3 + a + 1. Let b(c) = 11*c**3 - 2*c**2 + 3*c + 4. Let t(w) = -b(w) + 3*m(w). Let y be t(1). Let x(s) = -s - 11. Determine x(y).
-4
Let a = -160 + 162. Suppose 0 = -4*v + a*z - 32, 5*z - 34 = 3*v + z. Let j(h) = 4*h + 5. Let f(t) = 3*t + 4. Let d(y) = 3*f(y) - 2*j(y). Give d(v).
-4
Let o(u) = -u**3 + 4*u**2 - 4*u + 3. Let b = 209 + -207. Determine o(b).
3
Let v(j) = -8*j - 20*j**2 + 6 + 32*j**2 + 1 - 13*j**2. Give v(-8).
7
Let i(z) = -z + 6. Suppose 3*h + 185 = 2*b, 0*b + 2*b - 59 = h. Let c = h + 73. Determine i(c).
-4
Let f = -19 + 22. Suppose -36 = -4*z - 5*j, -f*z - 5*j = 7 - 39. Let l(k) = -z + 10*k + 5*k**2 + 3*k - 15*k - k**3. Calculate l(5).
-14
Suppose 2*g - 3*g = 5*u - 19, 0 = 2*u - 8. Let r = 4 + -5. Let j be (-1)/(g + r)*0. Let l(i) = i**3 + i**2 - 10. Determine l(j).
-10
Let l(u) be the first derivative of u**3/3 - 9*u**2/2 + 24*u - 215. Calculate l(6).
6
Let k(r) = 1. Let p(g) = 5 + 4*g - 1 + g + 1. Let z(y) = -6*k(y) + 3*p(y). Let b(t) = 7*t + 4. Let m(o) = 13*b(o) - 6*z(o). Calculate m(0).
-2
Suppose 3*a + 15 = 3*t - 24, -18 = -t + 2*a. Let q(d) = -37*d + 21. Let b(j) = -17*j + 9. Let n(s) = -13*b(s) + 6*q(s). What is n(t)?
1
Let f(x) = x**3 - 7*x**2 + 3*x + 6. Let i = 602 + -597. Determine f(i).
-29
Let w(l) be the first derivative of l + 1/2*l**2 + 38. Determine w(-6).
-5
Let o(j) = -6*j + 12. Let u(h) = -5*h + 11. Let r(l) = -6*o(l) + 7*u(l). Suppose -3*s + 1 = 13. Let i be 5 - 5 - s/(-1). Calculate r(i).
1
Let w(d) = -d**3 - 2*d**2 - 1. Suppose 3*x + 70 - 7 = 0. Let o = 19 + x. Give w(o).
-1
Let z = 2/1295 - -2584/3885. Let d(a) be the first derivative of 0*a**2 + z*a**3 - 8 - a. Determine d(1).
1
Let d(k) = -29 + 3*k + 2*k + 2*k + 26. Determine d(3).
18
Let h(j) = -19*j + 18*j + 2 + 2*j. Let b(t) be the third derivative of t**4/6 + 3*t**3/2 + t**2. Let s(w) = 2*b(w) - 11*h(w). Determine s(-3).
5
Suppose 2 = 2*y - 0*y. Let b(n) = -2*n**3 - n + 1. Calculate b(y).
-2
Let m be ((-4)/(-32)*-4)/(2/(-28)). Let w(h) = -h - 1. What is w(m)?
-8
Suppose 0 = -0*l + 3*l - 6. Suppose 2*x = 4*x + l. Let k(s) = -1. Let m(g) = -6*g + 3. Let j(o) = 4*k(o) + m(o). What is j(x)?
5
Let y(x) = -2*x**3 + 8*x**2 - 4*x + 10. Let l be y(4). Let q(v) = -v**2 - 10*v - 9. Calculate q(l).
15
Let z(k) = 10*k - 43*k + 25*k + 9*k + 8*k**2 + 0*k**2 - 1. Let x be 12/10 - 1/5. Give z(x).
8
Let f(v) = 0*v**2 + 9*v**2 - 4*v**2 + 4*v**2 + 10*v - 8*v**2 + 24. What is f(-5)?
-1
Let t(z) = -z + 1. Suppose 6*j - 4*j - 10 = 0. Suppose 2*h = -2*f - 14 - 2, -j*f = -3*h - 24. Calculate t(h).
9
Let f(o) = -4*o**2 - 4 - 4*o**3 + 8 + 3*o**3 - o. Let l be (1/(-2))/((-1)/(-6)). Let v be -2*((-27)/6)/l. Determine f(v).
-2
Let l(o) = -3*o + 5. Let k(c) = -7*c + 11. Let n(d) = 4*k(d) - 9*l(d). Suppose 47*a + 2*m + 13 = 46*a, 2*m + 8 = 0. Give n(a).
4
Let l(f) be the first derivative of -6*f**2 - f + 1. Let h be (6/15)/(29/145). Give l(h).
-25
Suppose -5*k = -3*k - 2. Suppose 13 + 52 = 5*w + 5*g, 0 = -2*w + 3*g + 26. Let a(t) = k - t + w*t - 6*t - t. Give a(-2).
-9
Suppose 5*s = 3*x - 32, -s - 2*s = -5*x + 32. Let y(h) be the second derivative of -h**5/20 - 5*h**4/12 - 5*h**3/6 + h - 1. Give y(s).
4
Suppose 0 = -5*y - 59 + 24. Let g(h) be the third derivative of 0 + 1/60*h**5 - 19*h**2 + 3/8*h**4 + 0*h + 3/2*h**3. Determine g(y).
-5
Suppose 53*j + 1 = 4*d + 56*j, -d + 10 = 4*j. Let b(o) = 6*o**2 + o - 4. Calculate b(d).
18
Let x(v) be the second derivative of v**5/20 + 5*v**4/12 - v**3/2 + 9*v**2/2 - 60*v + 10. Calculate x(-7).
-68
Let c be (-1)/1 + 0 + 1. Let g = -174 + 176. Let r(z) = z**2 - z**3 - g + 19 - 9. Determine r(c).
8
Let a(m) = 6*m**2 - 33*m - 10. Let x(b) = -7*b**2 + 37*b + 11. Let s(c) = 6*a(c) + 5*x(c). Let h(n) = 3*n**3 - 3*n**2 + 2*n - 3. Let i be h(2). Calculate s(i).
-5
Suppose 3*t = 2*j - 12, -3*j - 5*t + 3 = 4. Let l(x) = 3*x + 2. Calculate l(j).
11
Let x(n) = 1. Let q(v) = -v**2 - 7*v + 3. Let d(b) = q(b) - 2*x(b). Let m be (9/(-4))/(15/40). What is d(m)?
7
Let g(x) = -4*x**2 - 3*x - 1. Let o(h) = -5*h**2 - 3*h - 1. Let d(u) = -6*g(u) + 5*o(u). Determine d(6).
-17
Let i(z) be the first derivative of 1/3*z**3 + 1/4*z**4 + 2*z - 29 - 1/2*z**2. Let t = 3 + -5. Determine i(t).
0
Let k(v) = 3 + 0*v + 5*v + 37*v**3 - 2 + 5*v**2 + 4. Let l(m) = -12*m**3 - 2*m**2 - 2*m - 2. Let i(b) = 3*k(b) + 8*l(b). Determine i(-1).
-16
Let n(k) = -9 - 2*k + 0*k - k**2 + 9*k. Let y(r) = -r**3 - 8*r**2 - 7*r + 5. Let a be y(-7). Suppose 0 = -5*p + 5, 5*p = a*b + p - 26. Determine n(b).
-3
Suppose 3 + 22 = -5*c. Let k(o) be the first derivative of o**3/6 + 7*o**2/2 + o - 1. Let z(g) be the first derivative of k(g). What is z(c)?
2
Let q(z) = z**2 - 27*z + 16. Let r(a) = a**2 - 30*a + 18. Let s(l) = 7*q(l) - 6*r(l). Give s(8).
-4
Let o(d) = -d**3 + 7*d**2 + 11*d - 18. Let c be o(8). Suppose -5*a + 15 = 2*b, a + 15 = 4*b + c*a. Let j(s) = -s**2 - 28. What is j(b)?
-28
Let z(c) = -506*c**3 + 252*c**3 + 1 + 250*c**3 + c. Determine z(-1).
4
Let n(u) be the third derivative of -u**4/24 + 11*u**3/6 + 151*u**2. Determine n(9).
2
Let g(j) = -19*j - 22. Let z(h) = 34*h + 44. Let y(k) = -11*g(k) - 6*z(k). Give y(5).
3
Let v(p) = -5*p**3 - p**2. Let w be (17/(-34))/((-2)/96). Let m be (-7)/((-42)/w) + 1*-3. Determine v(m).
-6
Suppose -4 = -p - 3*p. Let w(n) = 0 - 8 + 3 + n**2 - 4*n + p. Calculate w(5).
1
Suppose 28 = -3*q + 4*j, -8 = 3*q + 2*j - j. Let x(d) = -3*d**2 + 3*d. Let c(o) = -7*o**2 + 5*o. Let h(f) = q*c(f) + 9*x(f). What is h(-7)?
0
Let g be 6/(-3 + (-44)/(-12)). Suppose -g = 14*k - 17*k. Let x(i) = 7*i + 3. What is x(k)?
24
Let d(r) be the second derivative of 1/12*r**4 - 3*r**2 + 0 + 7*r - 7/6*r**3. Calculate d(6).
-12
Let l(m) be the second derivative of m**5 + m**4/6 - m**3/6 + 51*m + 1. Give l(1).
21
Let b be 6/(-5)*(2 - (-9)/(-2)). Let y(j) = 2*j - 3. Let f(t) = 2*t - 4. Let s(p) = b*y(p) - 2*f(p). Calculate s(2).
3
Let q(z) = z**2 + 6*z + 8. Let u be (120/(-4))/(-3) - 0. Suppose u*m - 12 = 12*m. What is q(m)?
8
Let l = -3 - -2. Let 